{"id":1269,"date":"2016-09-12T20:49:43","date_gmt":"2016-09-12T18:49:43","guid":{"rendered":"http:\/\/osmutaa.splet.arnes.si\/?page_id=1269"},"modified":"2017-03-10T19:09:46","modified_gmt":"2017-03-10T18:09:46","slug":"oddaje-sola-da-se-ti-zrola-i-sezona","status":"publish","type":"page","link":"https:\/\/www.osmuta.si\/?page_id=1269","title":{"rendered":"Oddaje \u0161ola, da se ti zrola (I. sezona)"},"content":{"rendered":"<p><span style=\"text-decoration: underline;color: #0000ff\"><a style=\"color: #0000ff;text-decoration: underline\" href=\"https:\/\/www.youtube.com\/watch?v=ocF1kmAHRhQ\" target=\"_blank\">Oddaja \u0161ola, da se ti zrola 1. del<\/a><\/span><\/p>\n<p><iframe loading=\"lazy\" width=\"1080\" height=\"608\" src=\"https:\/\/www.youtube.com\/embed\/ocF1kmAHRhQ?feature=oembed\" frameborder=\"0\" allowfullscreen><\/iframe><\/p>\n<p><span style=\"text-decoration: underline;color: #0000ff\"><a style=\"color: #0000ff;text-decoration: underline\" href=\"https:\/\/www.youtube.com\/watch?v=ixbhtiNX8vI\" target=\"_blank\">Oddaja \u0161ola, da se ti zrola 2. del<\/a><\/span><\/p>\n<p><iframe loading=\"lazy\" width=\"1080\" height=\"608\" src=\"https:\/\/www.youtube.com\/embed\/ixbhtiNX8vI?feature=oembed\" frameborder=\"0\" allowfullscreen><\/iframe><\/p>\n<p><span style=\"text-decoration: underline;color: #0000ff\"><a style=\"color: #0000ff;text-decoration: underline\" href=\"https:\/\/www.youtube.com\/watch?v=b3LBjHOu_pQ\" target=\"_blank\">Oddaja \u0161ola, da se ti zrola 3. del<\/a><\/span><\/p>\n<p><iframe loading=\"lazy\" width=\"1080\" height=\"608\" src=\"https:\/\/www.youtube.com\/embed\/b3LBjHOu_pQ?feature=oembed\" frameborder=\"0\" allowfullscreen><\/iframe><\/p>\n","protected":false},"excerpt":{"rendered":"<p>Oddaja \u0161ola, da se ti zrola 1. del Oddaja \u0161ola, da se ti zrola 2. del Oddaja \u0161ola, da se ti zrola 3. del<\/p>\n","protected":false},"author":5469,"featured_media":0,"parent":1859,"menu_order":0,"comment_status":"closed","ping_status":"closed","template":"","meta":{"_et_pb_use_builder":"","_et_pb_old_content":"","_et_gb_content_width":"","ngg_post_thumbnail":0,"footnotes":""},"class_list":["post-1269","page","type-page","status-publish","hentry"],"_links":{"self":[{"href":"https:\/\/www.osmuta.si\/index.php?rest_route=\/wp\/v2\/pages\/1269","targetHints":{"allow":["GET"]}}],"collection":[{"href":"https:\/\/www.osmuta.si\/index.php?rest_route=\/wp\/v2\/pages"}],"about":[{"href":"https:\/\/www.osmuta.si\/index.php?rest_route=\/wp\/v2\/types\/page"}],"author":[{"embeddable":true,"href":"https:\/\/www.osmuta.si\/index.php?rest_route=\/wp\/v2\/users\/5469"}],"replies":[{"embeddable":true,"href":"https:\/\/www.osmuta.si\/index.php?rest_route=%2Fwp%2Fv2%2Fcomments&post=1269"}],"version-history":[{"count":1,"href":"https:\/\/www.osmuta.si\/index.php?rest_route=\/wp\/v2\/pages\/1269\/revisions"}],"predecessor-version":[{"id":1270,"href":"https:\/\/www.osmuta.si\/index.php?rest_route=\/wp\/v2\/pages\/1269\/revisions\/1270"}],"up":[{"embeddable":true,"href":"https:\/\/www.osmuta.si\/index.php?rest_route=\/wp\/v2\/pages\/1859"}],"wp:attachment":[{"href":"https:\/\/www.osmuta.si\/index.php?rest_route=%2Fwp%2Fv2%2Fmedia&parent=1269"}],"curies":[{"name":"wp","href":"https:\/\/api.w.org\/{rel}","templated":true}]}}